is -bca (base 13) in base 10?
-2025
Convert 331100 (base 4) to base 2.
111101010000
What is -15178 (base 9) in base 15?
-3108
Convert -a307 (base 16) to base 13.
-15cc5
What is -431 (base 8) in base 11?
-236
-500 (base 7) to base 13
-15b
What is 1110000101 (base 2) in base 16?
385
-4034 (base 6) to base 4
-31312
441010 (base 6) to base 13
13806
-245453 (base 6) to base 10
-21993
What is 72592 (base 10) in base 8?
215620
What is -101000110100 (base 2) in base 7?
-10421
-1011100010 (base 2) to base 14
-3aa
What is -254020 (base 7) in base 3?
-2101110221
Convert -351400 (base 7) to base 9.
-105331
Convert -311 (base 11) to base 8.
-567
What is 626b (base 14) in base 9?
25224
What is -1107 (base 9) in base 11?
-683
Convert 12202 (base 4) to base 16.
1a2
Convert 21204 (base 5) to base 3.
1221221
-1731 (base 10) to base 9
-2333
What is -1034 (base 12) in base 16?
-6e8
-10001111101111 (base 2) to base 9
-13551
Convert -8dd (base 16) to base 4.
-203131
Convert 1b1 (base 16) to base 14.
22d
What is 430 (base 13) in base 11?
5a0
What is -144012 (base 5) in base 6?
-44220
Convert 23f (base 16) to base 13.
353
Convert -101313 (base 4) to base 13.
-69c
-e14 (base 15) to base 10
-3169
104063 (base 7) to base 8
43460
Convert -157 (base 10) to base 16.
-9d
What is 6b (base 16) in base 10?
107
-1101000001000 (base 2) to base 16
-1a08
What is -145a7 (base 13) in base 9?
-57520
-198a (base 15) to base 6
-41334
Convert -4bb (base 15) to base 11.
-899
-22e6 (base 15) to base 3
-101011200
Convert -144304 (base 5) to base 8.
-14074
What is -2935 (base 15) in base 3?
-110002212
-1a57 (base 14) to base 3
-20120002
-383e (base 15) to base 8
-27320
What is -24144 (base 5) in base 7?
-5150
Convert -13001323 (base 4) to base 3.
-1110111111
What is 500063 (base 7) in base 10?
84080
Convert -3211 (base 9) to base 4.
-210313
What is -45c3 (base 13) in base 6?
-113200
What is -1043531 (base 6) in base 12?
-265a7
What is 46621 (base 8) in base 10?
19857
Convert -10211002 (base 4) to base 10.
-18754
111121 (base 3) to base 5
2432
-32026 (base 8) to base 11
-a022
233420 (base 5) to base 14
31d0
What is -21086 (base 10) in base 15?
-63ab
-a566 (base 12) to base 8
-43236
-1200002200 (base 3) to base 12
-17039
Convert 2fac (base 16) to base 5.
342304
What is -94a2 (base 13) in base 5?
-1124311
-850 (base 13) to base 11
-1079
What is 286 (base 11) in base 5?
2321
Convert -16702 (base 9) to base 13.
-530c
What is 10001101 (base 2) in base 11?
119
Convert -11001000000101 (base 2) to base 7.
-52222
What is -5605 (base 12) in base 9?
-14035
What is 491 (base 15) in base 16?
40c
2211010 (base 5) to base 6
453035
-42a (base 12) to base 5
-4420
What is 1051 (base 8) in base 11?
463
11173 (base 8) to base 10
4731
Convert 6407 (base 13) to base 12.
8035
-2b963 (base 12) to base 9
-103753
1244 (base 15) to base 16
f31
What is -2500 (base 7) in base 9?
-1244
-335134 (base 6) to base 8
-67302
Convert -1001110011011000 (base 2) to base 4.
-21303120
Convert 312333 (base 4) to base 10.
3519
-1213 (base 7) to base 6
-2031
Convert -332424 (base 6) to base 7.
-144034
What is -111111100110 (base 2) in base 11?
-3070
-1287 (base 11) to base 16
-684
Convert -2021122 (base 4) to base 2.
-10001001011010
What is -5206 (base 9) in base 13?
-1974
What is 22010 (base 3) in base 11?
18a
-3310 (base 5) to base 8
-707
What is -22337 (base 9) in base 12?
-8721
-111011001 (base 2) to base 10
-473
What is 1953 (base 16) in base 4?
1211103
11541 (base 12) to base 15
6d3d
What is 221 (base 5) in base 11?
56
207c (base 15) to base 10
6867
113302 (base 5) to base 12
2522
-1101021 (base 3) to base 15
-471
What is 1131 (base 6) in base 5?
2041
Convert 14a (base 14) to base 11.
219
-292a9 (base 12) to base 4
-32001201
Convert -22260 (base 7) to base 14.
-20a0
What is 139e (base 16) in base 11?
3856
Convert 189 (base 14) to base 8.
475
Convert 111100020 (base 4) to base 2.
10101010000001000
-1320 (base 4) to base 16
-78
Convert -230a2 (base 11) to base 16.
-826b
-168 (base 9) to base 3
-12022
What is 2051 (base 7) in base 4?
23102
-24a9 (base 14) to base 4
-1210111
36223 (base 7) to base 16
24a0
Convert -1445 (base 16) to base 11.
-3998
320120 (base 5) to base 12
6204
What is -5c9 (base 15) in base 13?
-7a1
What is -11102 (base 4) in base 14?
-1a2
What is -105045 (base 6) in base 9?
-13162
Convert -e3 (base 15) to base 7.
-423
Convert -263 (base 14) to base 6.
-2115
-10e6 (base 15) to base 16
-e07
What is 15445 (base 10) in base 2?
11110001010101
Convert -3041 (base 15) to base 2.
-10011111001010
Convert 263 (base 8) to base 14.
cb
-256 (base 9) to base 5
-1323
What is -4003 (base 10) in base 12?
-2397
Convert 10313 (base 4) to base 6.
1235
Convert -1361 (base 8) to base 5.
-11003
297 (base 13) to base 2
111001110
What is 1112 (base 6) in base 7?
521
What is -19d (base 14) in base 8?
-517
Convert -1fd8 (base 16) to base 2.
-1111111011000
-24a5a (base 12) to base 11
-34539
777 (base 9) to base 6
2541
What is -2c801 (base 13) in base 6?
-1452435
Convert -346 (base 9) to base 8.
-435
Convert 111000010 (base 2) to base 4.
13002
What is -53413 (base 7) in base 14?
-4b7a
-11322023 (base 4) to base 10
-24203
What is -6475 (base 14) in base 2?
-100001111000111
Convert -8ac (base 16) to base 9.
-3036
4015 (base 14) to base 10
10995
Convert 1010111010001010 (base 2) to base 5.
2412212
Convert 3432 (base 5) to base 15.
22c
100 (base 9) to base 8
121
Convert 120c9 (base 13) to base 6.
413200
What is 3364 (base 10) in base 6?
23324
What is 4b (base 14) in base 5?
232
Convert 100010010100 (base 2) to base 16.
894
Convert -3522 (base 8) to base 13.
-b12
94 (base 12) to base 7
220
What is 100b9 (base 12) in base 6?
240353
-545 (base 16) to base 2
-10101000101
What is -14655 (base 12) in base 4?
-12332201
Convert -100000011 (base 2) to base 10.
-259
1032 (base 12) to base 2
11011100110
What is -14242 (base 5) in base 9?
-1570
12056 (base 9) to base 11
6077
-10340 (base 5) to base 2
-1011010000
-31 (base 6) to base 8
-23
-4818 (base 15) to base 12
-8a4b
160636 (base 7) to base 13
11479
Convert -34f8 (base 16) to base 7.
-54351
Convert 11422 (base 5) to base 2.
1101011110
What is 25 (base 13) in base 2?
11111
What is 2708 (base 9) in base 5?
31113
What is -1274 (base 9) in base 4?
-32332
What is -558 (base 11) in base 5?
-10133
What is 5105 (base 6) in base 10?
1121
-44360 (base 7) to base 9
-16275
Convert -23285 (base 9) to base 7.
-63221
Convert -300331 (base 4) to base 12.
-1991
Convert 253 (base 15) to base 6.
2240
-15953 (base 11) to base 12
-10ba3
427 (base 14) to base 5
11234
Convert 2e5 (base 15) to base 5.
10130
-2322312 (base 4) to base 11
-8a91
Convert -10111120 (base 3) to base 2.
-100111111001
45ba (base 14) to base 4
2331120
Convert -21253 (base 8) to base 10.
-8875
210002211 (base 3) to base 11
10617
What is -2b1 (base 16) in base 10?
-689
What is 14254 (base 6) in base 9?
3087
Convert 121132 (base 4) to base 12.
b3a
What is -434 (base 13) in base 8?
-1317
What is -55401 (base 6) in base 15?
-243a
Convert 3073 (base 13) to base 15.
1eaa
Convert -10517 (base 11) to base 8.
-35640
Convert -1120101 (base 3) to base 6.
-5144
What is -10011100 (base 2) in base 9?
-183
-57a (base 12) to base 6
-3434
What is -1100001111101101 (base 2) in base 10?
-50157
What is -110262 (base 8) in base 11?
-25915
What is -197 (base 11) in base 15?
-102
Convert -1010110101011 (base 2) to base 14.
-2043
Convert -4540 (base 6) to base 3.
-1110120
-1103220 (base 5) to base 4
-10223301
Convert -10100101100010 (base 2) to base 16.
-2962
Convert 25542 (base 7) to base 3.
100022120
What is -11100001000110 (base 2) in base 4?
-3201012
743 (base 13) to base 16
4d6
Convert 11726 (base 8) to base 13.
2408
Convert -1052 (base 8) to base 16.
-22a
113527 (base 9) to base 8
205203
What is -24465 (base 7) in base 14?
-24a5
-12251 (base 7) to base 2
-110010010101
-21032 (base 4) to base 3
-210212
Convert -1153 (base 6) to base 10.
-285
-4962 (base 11) to base 4
-1211101
111f (base 16) to base 6
32143
What is -96a (base 11) in base 7?
-3253
What is -103103 (base 6) in base 14?
-3127
What is 18005 (base 10) in base 9?
26625
Convert 107 (base 9) to base 13.
6a
What is 3018 (base 9) in base 15?
9be
What is 3766 (base 11) in base 10?
4912
What is -42043 (base 8) in ba